 6. Let o be t(3). Let z = 85 - o. What are the prime factors of z?
37
Let a be 2 + 18/(3 - 0). Let p = -4 + a. Let k(g) = -g**3 + 5*g**2 - 2*g + 3. List the prime factors of k(p).
11
Let c(h) = h**3 + 7*h**2 + 3*h + 4. Let u be c(-5). Let d = -17 + u. Let p = d - 15. List the prime factors of p.
7
Let i = -77 - -188. List the prime factors of i.
3, 37
Suppose 0 = -3*y - 9 - 9. Let d = y - -3. What are the prime factors of 0/2 + d - -12?
3
Suppose 0 = 2*g + 23 - 119. What are the prime factors of g?
2, 3
Suppose -26 = -c + 20. Suppose -3*z + h + 37 = -3*h, -4*z + 2*h = -c. What are the prime factors of z?
11
Let l(q) = q + 5. Let w(t) = t**2 + 8*t - 9. Let b be w(-9). Let d be l(b). Suppose d*h = 2*o + 57, o = -2*h + 10 + 11. What are the prime factors of h?
11
Let v(f) = -14*f. Let d be v(-9). What are the prime factors of (6/4)/(7/d)?
3
Let m = -13 - -23. List the prime factors of m.
2, 5
Suppose -k = -4*o + 335, -3*o = -6*k + 2*k - 235. Suppose 2*l + l - 29 = -5*r, 5*l - o = -r. What are the prime factors of l?
2, 3
Let g be (17 - -3)/(2/3). Suppose g = -i + 3*i. List the prime factors of (3 + (-51)/i)*-50.
2, 5
List the prime factors of (-1 + 4)*(-43)/(-3).
43
Let i(p) = p + 4. Let r be i(-3). Let z = 4 - -3. Suppose -h + r = -z. List the prime factors of h.
2
Suppose 0 = -5*r + 14 + 31. Let o be (-51)/r - 1/3. What are the prime factors of 2/(3/o*-2)?
2
Let m(q) = 3*q**2 + 4*q - 1. What are the prime factors of m(3)?
2, 19
Let k(l) = l**3 - 3*l**2 + 4*l - 2. Let m be k(2). Suppose 3*b - m*h = 37, 1 = 2*h - 1. List the prime factors of b.
13
What are the prime factors of 3/((-45)/(-335))*3?
67
Let x = 86 - 50. What are the prime factors of x?
2, 3
Let p = 210 - 73. What are the prime factors of p?
137
Suppose -2*c - 9 = -3. List the prime factors of 4 + 0 + 3/c.
3
Suppose m + 89 = -4*z + 267, z - 2 = 0. List the prime factors of m.
2, 5, 17
Let p be 1/1*-2 - -112. Suppose 0 = -5*d + p + 30. List the prime factors of d.
2, 7
Let f = 8 - 2. What are the prime factors of (10/(-3))/((-4)/f)?
5
Suppose -46 - 4 = -u. List the prime factors of u.
2, 5
Suppose 0 = 3*l - 2*l - 4. List the prime factors of (-10)/l*(-6)/3.
5
Suppose 5*p + 8 = p. What are the prime factors of 15 + p/(-2)*-2?
13
Let g = -9 - -9. Let x = g + 9. List the prime factors of x.
3
Let o(v) = -v**2 - v + 2. Let n be o(0). Let g be 18/(-3)*(-1)/n. Suppose 0 = g*y - 3, -5*k + 13 = -3*y + y. What are the prime factors of k?
3
Let x be (-16)/2 - (0 + -2). Let a be (1 - x/(-9))*0. Suppose h + a*h = 18. What are the prime factors of h?
2, 3
Suppose 13 = -3*b + 4. Let n be 1/(-2*b/(-36)). What are the prime factors of (-1 - (-3)/9)*n?
2
Let b(y) = 28*y - 4. Let j be b(5). Suppose 0 = n + 3*n - j. List the prime factors of n.
2, 17
Suppose 5*i - 8 = i. Suppose 14 = -0*a - i*a. What are the prime factors of -2*a/(14/12)?
2, 3
Let c(o) = o**2 - o - 5. List the prime factors of c(-3).
7
Let s(b) = 4*b - 2. Let o be s(5). Let c = o - 25. Let t = 13 + c. What are the prime factors of t?
2, 3
Let h be 201/39 + (-4)/26. Suppose -h*r + 40 = -10. List the prime factors of r.
2, 5
Suppose -3*q - 524 = -4*o - 7*q, 5*o + 2*q - 664 = 0. What are the prime factors of o?
2, 67
List the prime factors of (4 + -3 - 3) + 48.
2, 23
Let w = 7 - -6. Let a = -3 + w. Let n = -3 + a. List the prime factors of n.
7
Suppose 7*m - 2*m + 15 = 0. Let c(i) = -i**2 - 6*i + 1. List the prime factors of c(m).
2, 5
Let p = 27 - 19. Let m = -5 + 18. Let h = m - p. List the prime factors of h.
5
Suppose 2*u + 3 = -u. Let p be (6 - 6)/(2 + u). Suppose p = 5*s - 2*s - 6. List the prime factors of s.
2
Suppose -2*j = -j - 1. Let r(o) be the third derivative of 7*o**4/24 + o**3/6 + o**2. What are the prime factors of r(j)?
2
Let j(l) = -l. Let v(u) = 6*u + 2. Let p(x) = 5*j(x) + v(x). Let w(k) = -2*k + 16. Let r be w(5). What are the prime factors of p(r)?
2
Suppose 0 = -5*w + 202 + 188. List the prime factors of w.
2, 3, 13
Suppose 0 = -3*j - 0*j - 3*f + 93, 33 = j - f. Suppose -i = -j - 3. What are the prime factors of i?
5, 7
Suppose -h + 3*a = -3, -2*h + a = 2*h + 10. List the prime factors of h/(-2) - (-295)/10.
31
Let q = 0 + 5. Suppose -1 = c - 4*f - 5, -5*c = -q*f - 5. Let m = 7 + c. What are the prime factors of m?
7
Suppose 5 = -2*q + 7. List the prime factors of (1 + -2)/q*-17.
17
Suppose -q - 4*m - 1 + 4 = 0, q = -5*m + 2. Let n = q - -7. List the prime factors of n.
2, 7
Suppose b = 6*b - 5*j - 40, j - 3 = 0. Let o = -8 + b. List the prime factors of (-3)/(0 + o/(-2)).
2
Let g be (-2)/(((-6)/(-4))/(-3)). Suppose g = -h + 6. Suppose -h*f - f = -o - 48, -5*o = f. What are the prime factors of f?
3, 5
Suppose -3*w + 3 = -4*w, 0 = -4*l + 2*w + 1178. What are the prime factors of l?
293
Let s = 121 + -71. What are the prime factors of s?
2, 5
Suppose 0 = 3*p - 263 + 26. List the prime factors of p.
79
Let m(w) = 2*w**3 - w**2 - 3*w - 1. List the prime factors of m(5).
11, 19
Suppose 3*v - 24 = -v. Suppose 0 = v*b - 3*b - 186. Suppose g - b = -3*z - 22, -5*g = 5*z - 80. List the prime factors of z.
2, 3
Let g(t) = 17*t**2 - 5*t - 1. List the prime factors of g(3).
137
Let a(j) = j + 26. What are the prime factors of a(0)?
2, 13
Suppose -4*b + 7 = -17. Suppose s - b = 10. What are the prime factors of s?
2
Let s(v) = -3*v + 3. Let h be s(-7). Suppose 87 = -4*w - d, -5*w + h = -2*d + 123. List the prime factors of 10/(-3)*w/14.
5
Let v(o) = o**3 - 12*o**2 - 2*o + 16. Let b be v(12). What are the prime factors of 177/12 - 2/b?
3, 5
Suppose -l - 2*l + 309 = -3*j, 5*j = -2*l + 241. List the prime factors of l.
2, 3
Suppose -6*j = -10*j + 240. What are the prime factors of j?
2, 3, 5
Let l be (4/6)/(4/(-42)). Let w(u) = -u**2 - 9*u + 10. List the prime factors of w(l).
2, 3
What are the prime factors of (-6 + -4)/5 + 65?
3, 7
Suppose s = -2*a - 2*s + 24, -16 = -2*a + s. Suppose j = 18 + a. What are the prime factors of j?
3
List the prime factors of -1 + 2 - -2 - -58.
61
Let t(v) = 54*v - 16. What are the prime factors of t(6)?
2, 7, 11
Let j be (1 - (0 - 0))*12. Let k be (j/8)/(2/(-4)). Let t(r) = -2*r - 1. List the prime factors of t(k).
5
Suppose -4*j + 45 = -9*j. Let b = j + 13. What are the prime factors of b?
2
Let m be -1 - 2*(-2)/4. Suppose j + 2*j - 30 = m. What are the prime factors of j?
2, 5
Let z(b) = b + 1. Let k be z(2). Suppose 0 = 2*c + 3*w - 65, -2*w - 134 = -2*c - k*c. What are the prime factors of c?
2, 7
Let n(v) = -v**2 + 8*v + 10. Let i be n(9). Let l = i - -1. Suppose 0 = l*k - 2 - 10. What are the prime factors of k?
2, 3
Let s be (-1*2 + 2)/(-1). Let o be s/(2 + -1) - -17. Suppose -2*l - 3*z = -o, 5*z + 15 = 2*l - l. What are the prime factors of l?
2, 5
Suppose 5*t + 55 + 50 = 2*x, -4*x = -5*t - 215. What are the prime factors of x?
5, 11
Suppose 3 = 3*z + 3*h - 30, 0 = z - h - 1. What are the prime factors of z?
2, 3
Let k = 6 - 4. Suppose -k*j = -26 - 12. Suppose -2*t = -t - j. List the prime factors of t.
19
Let n = 9 - 4. Suppose -3*d + h + 6 = 0, -6*d + 2*d + n*h = 3. List the prime factors of -11*(d*-1)/3.
11
Let o(h) = -h**2 + 9*h + 24. List the prime factors of o(11).
2
Let z be (-148)/(-20) - (-2)/(-5). Let c = z - 3. List the prime factors of c.
2
Suppose -4*a + 190 = a. List the prime factors of a.
2, 19
What are the prime factors of (-8)/36 - (-1 - (-2135)/(-9))?
2, 7, 17
Suppose -6*b + 284 = -2*b. What are the prime factors of b?
71
Let x(z) be the first derivative of 1/2*z**2 + 0*z - 3. What are the prime factors of x(6)?
2, 3
Let k(q) = -2*q + 2. Let f be k(-3). Let r = -6 + f. What are the prime factors of r?
2
Let q(n) = n**3 - 5*n**2 + 5*n - 2. Suppose -7*c + 20 = -2*c. List the prime factors of q(c).
2
Let j = 6 + -10. Let b be (-1)/(j - -3) + 1. Suppose -4*i + 54 = -b. What are the prime factors of i?
2, 7
Let u be (-1 - 2/(-1)) + -10. Let g = 14 + u. What are the prime factors of g?
5
Let g(x) = -22*x**3 + 2*x**2 + 2*x + 1. List the prime factors of g(-1).
23
Suppose -2 = -p + 2. Suppose -3*w = -p - 53. Let q = -11 + w. List the prime factors of q.
2
Suppose 5*x - 3*k + 32 = 0, 7*k - 34 = 5*x + 6*k. Let d be 2/2 - x/(-1). Let q(y) = -y - 3. List the prime factors of q(d).
3
Suppose 6*g = 5*g + 257. List the prime factors of g.
257
Suppose 4 + 6 = 2*m. Suppose 5*f = -3*c +